{"id":63,"date":"2019-08-02T09:07:03","date_gmt":"2019-08-02T07:07:03","guid":{"rendered":"http:\/\/sig-media.com\/cfm\/?page_id=63"},"modified":"2019-08-28T12:54:55","modified_gmt":"2019-08-28T10:54:55","slug":"prototypen-und-einzelstueckfertigung","status":"publish","type":"page","link":"https:\/\/www.clemens-fm.de\/index.php\/prototypen-und-einzelstueckfertigung\/","title":{"rendered":"Prototypen und Einzelst\u00fcckfertigung"},"content":{"rendered":"<p><img decoding=\"async\" loading=\"lazy\" class=\"alignright wp-image-393 size-full\" src=\"http:\/\/www.clemens-fm.de\/wp-content\/uploads\/2019\/08\/pt1.jpg\" alt=\"\" width=\"400\" height=\"286\" srcset=\"https:\/\/www.clemens-fm.de\/wp-content\/uploads\/2019\/08\/pt1.jpg 400w, https:\/\/www.clemens-fm.de\/wp-content\/uploads\/2019\/08\/pt1-300x215.jpg 300w, https:\/\/www.clemens-fm.de\/wp-content\/uploads\/2019\/08\/pt1-112x80.jpg 112w\" sizes=\"(max-width: 400px) 100vw, 400px\" \/>Wenn Ihre Maschine aus der Wartung gelaufen ist, Sie aber trotzdem die einwandfreie Funktionsf\u00e4higkeit behalten m\u00f6chten, finden Sie bei uns das richtige Werkzeug. Wir stellen Verschlei\u00dfteile im Einzelst\u00fcck wieder her und erm\u00f6glichen damit den reibungslosen Weiterbetrieb \u00e4lterer Maschinen.<\/p>\n<p>&nbsp;<\/p>\n<p><a class=\"blaubutton\" href=\"http:\/\/www.clemens-fm.de\/index.php\/entwicklung\/\">Entwicklung<\/a><\/p>\n<p><a class=\"blaubutton\" href=\"http:\/\/www.clemens-fm.de\/index.php\/klein-serienproduktion\/\">Klein-Serienproduktion<\/a><\/p>\n<p><a class=\"blaubutton\" href=\"http:\/\/www.clemens-fm.de\/index.php\/neuentwicklung\/\">Neuentwicklung<\/a><\/p>\n","protected":false},"excerpt":{"rendered":"<p>Wenn Ihre Maschine aus der Wartung gelaufen ist, Sie aber trotzdem die einwandfreie Funktionsf\u00e4higkeit behalten m\u00f6chten, finden Sie bei uns das richtige Werkzeug. Wir stellen Verschlei\u00dfteile im Einzelst\u00fcck wieder her und erm\u00f6glichen damit den reibungslosen Weiterbetrieb \u00e4lterer Maschinen. &nbsp; Entwicklung Klein-Serienproduktion Neuentwicklung<\/p>\n","protected":false},"author":1,"featured_media":121,"parent":0,"menu_order":0,"comment_status":"closed","ping_status":"closed","template":"page-fullwidth.php","meta":[],"_links":{"self":[{"href":"https:\/\/www.clemens-fm.de\/index.php\/wp-json\/wp\/v2\/pages\/63"}],"collection":[{"href":"https:\/\/www.clemens-fm.de\/index.php\/wp-json\/wp\/v2\/pages"}],"about":[{"href":"https:\/\/www.clemens-fm.de\/index.php\/wp-json\/wp\/v2\/types\/page"}],"author":[{"embeddable":true,"href":"https:\/\/www.clemens-fm.de\/index.php\/wp-json\/wp\/v2\/users\/1"}],"replies":[{"embeddable":true,"href":"https:\/\/www.clemens-fm.de\/index.php\/wp-json\/wp\/v2\/comments?post=63"}],"version-history":[{"count":6,"href":"https:\/\/www.clemens-fm.de\/index.php\/wp-json\/wp\/v2\/pages\/63\/revisions"}],"predecessor-version":[{"id":394,"href":"https:\/\/www.clemens-fm.de\/index.php\/wp-json\/wp\/v2\/pages\/63\/revisions\/394"}],"wp:featuredmedia":[{"embeddable":true,"href":"https:\/\/www.clemens-fm.de\/index.php\/wp-json\/wp\/v2\/media\/121"}],"wp:attachment":[{"href":"https:\/\/www.clemens-fm.de\/index.php\/wp-json\/wp\/v2\/media?parent=63"}],"curies":[{"name":"wp","href":"https:\/\/api.w.org\/{rel}","templated":true}]}}