{"id":155,"date":"2019-08-02T13:29:34","date_gmt":"2019-08-02T11:29:34","guid":{"rendered":"http:\/\/sig-media.com\/cfm\/?page_id=155"},"modified":"2019-08-19T14:59:22","modified_gmt":"2019-08-19T12:59:22","slug":"stahl","status":"publish","type":"page","link":"https:\/\/www.clemens-fm.de\/index.php\/stahl\/","title":{"rendered":"Stahl"},"content":{"rendered":"<p><strong><img decoding=\"async\" loading=\"lazy\" class=\"alignright size-full wp-image-354\" src=\"http:\/\/www.clemens-fm.de\/wp-content\/uploads\/2019\/08\/stahl.jpg\" alt=\"\" width=\"321\" height=\"442\" srcset=\"https:\/\/www.clemens-fm.de\/wp-content\/uploads\/2019\/08\/stahl.jpg 321w, https:\/\/www.clemens-fm.de\/wp-content\/uploads\/2019\/08\/stahl-218x300.jpg 218w, https:\/\/www.clemens-fm.de\/wp-content\/uploads\/2019\/08\/stahl-58x80.jpg 58w\" sizes=\"(max-width: 321px) 100vw, 321px\" \/>Stahl<\/strong> ist ein <a href=\"https:\/\/de.wikipedia.org\/wiki\/Werkstoff\" target=\"_blank\" rel=\"noopener noreferrer\">Werkstoff<\/a>, der zum gr\u00f6\u00dften Teil aus <a href=\"https:\/\/de.wikipedia.org\/wiki\/Eisen\" target=\"_blank\" rel=\"noopener noreferrer\">Eisen<\/a> besteht. Stahl l\u00e4sst sich warm oder kalt <a href=\"https:\/\/de.wikipedia.org\/wiki\/Umformen\" target=\"_blank\" rel=\"noopener noreferrer\">umformen<\/a>, er kann also <a href=\"https:\/\/de.wikipedia.org\/wiki\/Walzen\" target=\"_blank\" rel=\"noopener noreferrer\">gewalzt<\/a>, <a href=\"https:\/\/de.wikipedia.org\/wiki\/Biegen\" target=\"_blank\" rel=\"noopener noreferrer\">gebogen<\/a>, <a href=\"https:\/\/de.wikipedia.org\/wiki\/Tiefziehen\" target=\"_blank\" rel=\"noopener noreferrer\">gezogen<\/a> und <a href=\"https:\/\/de.wikipedia.org\/wiki\/Schmieden\" target=\"_blank\" rel=\"noopener noreferrer\">geschmiedet<\/a> werden.<\/p>\n<p>H\u00e4ufig wird Stahl als Eisen-<a href=\"https:\/\/de.wikipedia.org\/wiki\/Kohlenstoff\" target=\"_blank\" rel=\"noopener noreferrer\">Kohlenstoff<\/a>&#8211;<a href=\"https:\/\/de.wikipedia.org\/wiki\/Legierung\" target=\"_blank\" rel=\"noopener noreferrer\">Legierung<\/a> mit einem Kohlenstoff-<a href=\"https:\/\/de.wikipedia.org\/wiki\/Massenanteil\" target=\"_blank\" rel=\"noopener noreferrer\">Massenanteil<\/a> von maximal 2 % definiert. Eisen-Kohlenstoff-Legierungen mit h\u00f6heren Kohlenstoffanteilen werden <a href=\"https:\/\/de.wikipedia.org\/wiki\/Gusseisen\" target=\"_blank\" rel=\"noopener noreferrer\">Gusseisen<\/a> genannt und sind nicht plastisch umformbar, lassen sich also nicht schmieden oder walzen. Neben Kohlenstoff enth\u00e4lt Stahl immer auch R\u00fcckst\u00e4nde von unerw\u00fcnschtem <a href=\"https:\/\/de.wikipedia.org\/wiki\/Phosphor\" target=\"_blank\" rel=\"noopener noreferrer\">Phosphor<\/a>, <a href=\"https:\/\/de.wikipedia.org\/wiki\/Schwefel\" target=\"_blank\" rel=\"noopener noreferrer\">Schwefel<\/a> und einige weitere Verunreinigungen. Manche <a href=\"https:\/\/de.wikipedia.org\/wiki\/Stahlsorte\" target=\"_blank\" rel=\"noopener noreferrer\">Stahlsorten<\/a> enthalten zus\u00e4tzlich weitere Elemente, die bewusst zulegiert wurden, um die Eigenschaften des Stahls zu verbessern. Entscheidend f\u00fcr die Eigenschaften des Stahl sind Mengenanteile der Begleit- sowie der nachtr\u00e4glich hinzugef\u00fcgten <a href=\"https:\/\/de.wikipedia.org\/wiki\/Legierungselement\" target=\"_blank\" rel=\"noopener noreferrer\">Legierungselemente<\/a> sowie der W\u00e4rmebehandlungszustand.<\/p>\n<p>Stahl ist einer der vielseitigsten <a href=\"https:\/\/de.wikipedia.org\/wiki\/Konstruktionswerkstoff\" target=\"_blank\" rel=\"noopener noreferrer\">Konstruktionswerkstoffe<\/a> und ist unbegrenzt <a href=\"https:\/\/de.wikipedia.org\/wiki\/Recycling\" target=\"_blank\" rel=\"noopener noreferrer\">wieder zu verwerten<\/a>. Stahl ist in gro\u00dfen Mengen und zu geringen Kosten verf\u00fcgbar. Seine Eigenschaften lassen sich durch Legieren und <a href=\"https:\/\/de.wikipedia.org\/wiki\/W%C3%A4rmebehandlung\" target=\"_blank\" rel=\"noopener noreferrer\">W\u00e4rmebehandeln<\/a> in weiten Bereichen variieren. Er l\u00e4sst sich gut durch Walzen, Schmieden, <a href=\"https:\/\/de.wikipedia.org\/wiki\/Fr%C3%A4sen\" target=\"_blank\" rel=\"noopener noreferrer\">Fr\u00e4sen<\/a> und <a href=\"https:\/\/de.wikipedia.org\/wiki\/Schwei%C3%9Fen\" target=\"_blank\" rel=\"noopener noreferrer\">Schwei\u00dfen<\/a> verarbeiten und verf\u00fcgt \u00fcber eine hohe <a href=\"https:\/\/de.wikipedia.org\/wiki\/Festigkeit\" target=\"_blank\" rel=\"noopener noreferrer\">Festigkeit<\/a> (einfacher Stahl zwischen 180 und 350 N\/mm\u00b2, hochfester Stahl bis weit \u00fcber 1200 N\/mm\u00b2<a href=\"https:\/\/de.wikipedia.org\/wiki\/Stahl#cite_note-1\" target=\"_blank\" rel=\"noopener noreferrer\"><sup>[1]<\/sup><\/a>), gute <a href=\"https:\/\/de.wikipedia.org\/wiki\/H%C3%A4rten_(Stahl)\" target=\"_blank\" rel=\"noopener noreferrer\">H\u00e4rtbarkeit<\/a>, Steifheit (<a href=\"https:\/\/de.wikipedia.org\/wiki\/E-Modul\" target=\"_blank\" rel=\"noopener noreferrer\">E-Modul<\/a>) und <a href=\"https:\/\/de.wikipedia.org\/wiki\/Bruchdehnung\" target=\"_blank\" rel=\"noopener noreferrer\">Bruchdehnung<\/a>.<\/p>\n<p>&nbsp;<\/p>\n<p><a class=\"blaubutton\" href=\"http:\/\/www.clemens-fm.de\/index.php\/technische-kunststoffe\/\">Technische Kunststoffe <\/a><\/p>\n<p><a class=\"blaubutton\" href=\"http:\/\/www.clemens-fm.de\/index.php\/aluminium\/\">Aluminium<\/a><\/p>\n<p><a class=\"blaubutton\" href=\"http:\/\/www.clemens-fm.de\/index.php\/edelstahl\/\">Edelstahl<\/a><\/p>\n<p><a class=\"blaubutton\" href=\"http:\/\/www.clemens-fm.de\/index.php\/andere-metalle-ne-metalle\/\">Andere Metalle<\/a><\/p>\n","protected":false},"excerpt":{"rendered":"<p>Stahl ist ein Werkstoff, der zum gr\u00f6\u00dften Teil aus Eisen besteht. Stahl l\u00e4sst sich warm oder kalt umformen, er kann also gewalzt, gebogen, gezogen und geschmiedet werden. H\u00e4ufig wird Stahl als Eisen-Kohlenstoff&#8211;Legierung mit einem Kohlenstoff-Massenanteil von maximal 2 % definiert. Eisen-Kohlenstoff-Legierungen mit h\u00f6heren Kohlenstoffanteilen werden Gusseisen genannt und sind nicht [&hellip;]<\/p>\n","protected":false},"author":1,"featured_media":208,"parent":0,"menu_order":0,"comment_status":"closed","ping_status":"closed","template":"page-fullwidth.php","meta":[],"_links":{"self":[{"href":"https:\/\/www.clemens-fm.de\/index.php\/wp-json\/wp\/v2\/pages\/155"}],"collection":[{"href":"https:\/\/www.clemens-fm.de\/index.php\/wp-json\/wp\/v2\/pages"}],"about":[{"href":"https:\/\/www.clemens-fm.de\/index.php\/wp-json\/wp\/v2\/types\/page"}],"author":[{"embeddable":true,"href":"https:\/\/www.clemens-fm.de\/index.php\/wp-json\/wp\/v2\/users\/1"}],"replies":[{"embeddable":true,"href":"https:\/\/www.clemens-fm.de\/index.php\/wp-json\/wp\/v2\/comments?post=155"}],"version-history":[{"count":4,"href":"https:\/\/www.clemens-fm.de\/index.php\/wp-json\/wp\/v2\/pages\/155\/revisions"}],"predecessor-version":[{"id":355,"href":"https:\/\/www.clemens-fm.de\/index.php\/wp-json\/wp\/v2\/pages\/155\/revisions\/355"}],"wp:featuredmedia":[{"embeddable":true,"href":"https:\/\/www.clemens-fm.de\/index.php\/wp-json\/wp\/v2\/media\/208"}],"wp:attachment":[{"href":"https:\/\/www.clemens-fm.de\/index.php\/wp-json\/wp\/v2\/media?parent=155"}],"curies":[{"name":"wp","href":"https:\/\/api.w.org\/{rel}","templated":true}]}}